se 0 = -34*s + 7*s + 9585. Let h = s + -315. Calculate the highest common factor of j and h.
40
Let u be 8 - (-11)/((-110)/80). Let s(c) = c**2 + 2*c + 1. Let p be s(3). Let v = p + u. Calculate the highest common divisor of 2 and v.
2
Suppose 314*c - 24570 = 184*c. Calculate the highest common divisor of c and 243.
27
Let n be (1904/(-595))/((-2)/10). Calculate the greatest common divisor of n and 656.
16
Suppose -24*m + 7*m = -1054. Suppose -49*v - 13 = -m. Calculate the highest common divisor of v and 5.
1
Let g(k) = 24*k**2 + 6*k - 4. Let r be g(-7). Let s be r/42 + -3 - 2/(-21). What is the greatest common factor of 200 and s?
8
Suppose -264*g = -268*g + 108. Calculate the highest common factor of g and 180.
9
Suppose -3*m = -j - 700, 209*m = 212*m + j - 704. What is the greatest common factor of m and 9711?
117
Let g = -6224 + 13448. What is the highest common divisor of g and 42?
42
Let h = 10508 - 6478. Calculate the greatest common divisor of h and 62.
62
Suppose y = 5*l + 256, -5*l = -2*y + 244 + 258. What is the greatest common divisor of y and 6?
6
Let p(t) = -2*t**2 - 7*t + 47. Let w be p(-6). Suppose -w = 10*j - 11*j. What is the highest common factor of j and 170?
17
Let m be (3584/40)/7*190/4. Let h(r) = 3*r**2 - 126*r + 32. Let q be h(42). Calculate the highest common factor of m and q.
32
Let q(r) = 35*r**3 - 34*r + 154. Let g be q(7). Calculate the highest common factor of 262 and g.
131
Let a be 12/3*(-3)/6 + -200. Let f = a + 219. Let w(l) = -2*l**3 - 11*l**2 - 7*l - 9. Let t be w(-7). Calculate the highest common factor of t and f.
17
Let y(b) = -b**3 + 6*b + 5895. Let s be y(0). Calculate the highest common divisor of 90 and s.
45
Let q = 4513 + -4409. Calculate the greatest common factor of q and 520.
104
Let n(y) = -y**2 + 45*y + 6. Let p be n(44). What is the greatest common divisor of 1025 and p?
25
Let u be 3/(1/((-220)/(-6))). Suppose 0 = -g + 3, 4*m + 0*g - 2*g - u = 0. Let y = m - 12. What is the greatest common divisor of y and 51?
17
Suppose 9 = 5*w - 16. Suppose -2*p + 2*b + 207 = -7*p, 2*p = w*b - 77. Let o = p + 53. What is the highest common divisor of 12 and o?
12
Suppose -4*f + 8 = 0, -105 = -u - 2*f + 4*f. Let s = 177 + -274. Let c = s + u. What is the highest common divisor of 3 and c?
3
Suppose 4*w - q - 40 = 0, -242*w + 239*w + 29 = -q. Calculate the highest common divisor of 1331 and w.
11
Suppose 2*h - 7*h = -20. Suppose -h*r - 6 = -3*f - 8*r, 5*f = -r + 10. Suppose 4*j - 32 = f*j. Calculate the highest common factor of j and 16.
16
Suppose 33*x - 25*x + 40 = 0. Let t be (x - -1) + (28 - (1 - -7)). Calculate the greatest common divisor of t and 104.
8
Suppose -3*n = -2 - 1. Let m be n - (-22)/1 - -2. Let r be ((-3)/((-9)/30))/(0 - (-20)/150). Calculate the greatest common divisor of r and m.
25
Let x(a) = 14*a**2 - 71*a - 1837. Let f be x(-19). What is the highest common factor of 18 and f?
6
Let k = 12953 + -10985. What is the greatest common divisor of 2829 and k?
123
Suppose 63*w + 39 = 50*w. Let f = -1379 - -824. Let j be ((-1)/(-5))/(w/f). Calculate the greatest common divisor of j and 37.
37
Let g be 943102/2032 + 1/(-8). Calculate the greatest common factor of 64 and g.
16
Suppose 0 = 5*t - 14 - 6. Let w be (8 + (-24 - -16))/(-1). Suppose 5*n - 40 - 139 = -t*k, k - 2*n - 35 = w. What is the greatest common factor of 41 and k?
41
Suppose 0 = -4*q - 3*w + 9181, 5*q - 6*w - 11485 = -8*w. What is the highest common factor of q and 1881?
209
Let h = -61 + 68. Let f = 19 - h. Suppose f*p + 18 = 15*p. Calculate the greatest common divisor of 30 and p.
6
Let u = 5905 - 5896. Calculate the highest common divisor of u and 2637.
9
Let o(r) = r**2 + 8*r + 20. Let f be o(-5). Suppose l + 314 = 5*t, -f*t + 2*l = -l - 312. What is the highest common divisor of 18 and t?
9
Suppose 2*a - 173*l = -176*l + 9276, 2*l = -3*a + 13934. Calculate the greatest common factor of a and 275.
25
Let l = -83 - -368. Let g = -96 + l. What is the greatest common divisor of g and 21?
21
Let o(n) = 10*n**2 - 4*n. Let q be o(1). Let z = q - -71. What is the greatest common factor of 7 and z?
7
Let b be -30 + (2 - 3) + (-8 - -8). Let w = b - -31. Suppose 4*s + 4*y - 168 = 0, w*s + 2*y + 126 = 3*s. Calculate the highest common divisor of s and 21.
21
Suppose 0 = -24*b - 269 + 26477. What is the greatest common factor of b and 372?
12
Let y(j) = -7*j**3 + j**2 - 6*j - 38. Let f be y(-4). Suppose 0 = 16*n - f - 158. What is the greatest common factor of n and 95?
19
Let b(c) = 29*c - 4 - 5*c + 2 + 14. Let s be b(6). Suppose -8*t - s = -12*t. What is the greatest common factor of 13 and t?
13
Suppose 4 = d - v - 2*v, 3*v - 6 = 3*d. Let y be -2 - (d + -4) - 4. Suppose 0 = y*j + 9*j - 1008. What is the greatest common factor of 24 and j?
12
Let h(t) = t**3 - t**2 - 6*t + 3. Suppose -2 = 2*i - 8. Let x be h(i). Let z be (0 + (-6)/(-27)*x)*18. What is the highest common divisor of 108 and z?
12
Let q = 43 - 19. Let o be 142/q + 1/12. Suppose -2*g = -o*g + 728. What is the highest common divisor of g and 26?
26
Suppose -2*z + y + 158 = 0, 73*z - 4*y = 72*z + 86. Calculate the greatest common factor of z and 24.
6
Let n be (-4)/((-2)/(12 - 2)). Suppose 24*r - 504 = 2*f, -488*r = -484*r + 5*f - 20. What is the greatest common factor of r and n?
20
Let b be 2/(-6) + 577/3. Let r = -240 + 243. Suppose 3*c - 67 = -r*q + 2*q, 3*q = -15. What is the highest common factor of b and c?
24
Let n = 40 - 35. Let s be 8/(4 - (n + -3)). Let p be s/(-22) - 780/(-55). What is the greatest common factor of p and 28?
14
Let g(r) = 14*r**3 - 4*r**2 - 8*r + 12. Let f be g(3). Calculate the highest common factor of 1914 and f.
66
Let s(m) = -42*m + 52 - 2*m + 23*m - 31*m - 43*m. Let t be s(-4). What is the highest common divisor of 27 and t?
27
Let v(l) = 334*l**2 + 131*l + 1620. Let m be v(-10). Calculate the greatest common divisor of m and 10.
10
Let i be (52/(-5))/((-1)/(-5)*(-88 + 87)). What is the greatest common factor of i and 2756?
52
Let i be (24/(-20))/((-4)/10). Let q(s) = -17*s - 18. Let o be q(i). Let h = 94 + o. Calculate the highest common factor of 25 and h.
25
Let p(t) = -12*t + 99. Let c be p(-12). Suppose -l + 0*w + 233 = 3*w, l + w - c = 0. What is the highest common divisor of l and 16?
8
Let m be ((-12)/(-8))/((-40)/(-3840)). Calculate the highest common divisor of 672 and m.
48
Suppose -7*n - 24 = 4. Let p be (n - 12/9)*-66. Let c be ((-12)/(-8))/((-6)/(-128)). Calculate the highest common factor of p and c.
32
Let j(i) = 27*i + 3. Let k be j(3). Suppose 153*v + 566 = 5*q + 151*v, 2*v = -5*q + 554. What is the greatest common divisor of k and q?
28
Let a(m) = 2*m + 6. Let s be a(-3). Suppose s = -5*d + 758 + 402. Calculate the highest common divisor of d and 58.
58
Let i(g) = 6*g**2 - g + 14. Let l be i(-10). Let m = -61596 - -61674. Calculate the highest common divisor of l and m.
78
Let j be (-4 - -2)*42/(-1). Suppose 0 = -4*v - 8*p + 6*p + 100, 0 = -2*v + 4*p + 30. Suppose -446 + 124 = -v*h. Calculate the highest common divisor of h and j.
14
Let m(o) = -o**3 + 2*o**2 + 98*o + 19. Let n be m(-9). What is the greatest common factor of n and 1302?
14
Suppose -4*r + 8124 = -372. What is the greatest common factor of r and 36?
36
Let d(x) = -48*x - 183. Let t be d(-4). Calculate the greatest common divisor of 14733 and t.
9
Let q(a) = -64*a + 5. Let s be q(-4). Suppose r = 8*r - 133. Let v = 48 - r. What is the highest common factor of s and v?
29
Suppose 12 = 4*q, -2*c - 5*q = -0*q - 187. Let s = -66 + c. Let b be ((-300)/(-24))/(2/s). Calculate the greatest common factor of b and 50.
25
Let x(c) = c**3 - 6*c**2 + c - 5. Let p be x(6). Let m = 20 + p. Suppose -3*i = -6*i + m. Calculate the greatest common divisor of i and 1.
1
Suppose 254*u - 282 = 207*u. Calculate the greatest common divisor of 48 and u.
6
Suppose 224*p - 52762 + 14293 - 162235 = 0. What is the highest common divisor of 9968 and p?
112
Suppose 4*c - c = 66. Let z(j) = 4*j**2 - 7*j - 36. Let l = -196 + 202. Let n be z(l). Calculate the greatest common divisor of n and c.
22
Let a be 454/18 + (-2)/9. Suppose 0 = 4*g - 13 + 5. Suppose 0 = -g*n + 42 + 108. Calculate the highest common factor of a and n.
25
Let l = -26 + -8. Let g(z) = -3*z - 47. Let x be g(12). Let v